5) - (-6)/51?
7
Let c = 103 + -53. Suppose -48*k = -c*k + 80. What is the tens digit of k?
4
Suppose 21 = 4*t - 3*z, 3*z + 5 = 3*t - 7. Suppose t*f - 10088 = -1466. What is the hundreds digit of f?
9
Let h be 4 + 0/(-1) + (-47 - -45). Suppose h*r - 107 + 25 = 0. What is the tens digit of r?
4
Suppose 65*u - 352239 + 28084 = 0. What is the tens digit of u?
8
What is the units digit of (7*(-16140)/(-25))/(21/70)?
4
Suppose -2*i = 4*x - 10726 - 2088, 5*i - 31996 = 3*x. What is the hundreds digit of i?
4
Suppose 50*w - 3*z = 54*w - 5919, -3*w + 4440 = 2*z. What is the thousands digit of w?
1
Let l = 148 - 241. Let k = l + 331. What is the tens digit of k?
3
Let s = 61 - 61. Suppose -2*i + s + 5 = t, -4*i + 20 = 4*t. Suppose a = -5*v + 247, i = -4*a - 7 - 5. What is the units digit of v?
0
Let i(b) = b**3 - 8*b**2 + 8*b - 7. Let d be (-4)/((-60)/(-35))*-3. Let j be i(d). Suppose 8*w - 76 = -4*g + 4*w, -3*w - 6 = j. What is the units digit of g?
1
Let g be ((-8)/(-5))/(58/(-27405)). Let i = g + 1140. What is the units digit of i?
4
Suppose 439*l + 111786 = 470*l. What is the thousands digit of l?
3
Suppose j - 114 = 4*j. What is the hundreds digit of 26/(-247) - 10758/j?
2
Let h(o) = o**3 + 30*o**2 - 36*o - 60. What is the tens digit of h(-28)?
1
Let p = 1 - -1. Suppose -4 = -q - p*u, -4*q - 5*u + 12 = -q. Let k(w) = 40*w + 41. What is the units digit of k(q)?
1
Let i be -4 - (6*-2 - -2). Suppose -i*m + 13*m - 1162 = 0. What is the hundreds digit of m?
1
Let h be (8/12)/((-8)/(-84)). Suppose -5810 = -h*y + 3661. Suppose -8*a + 615 = -y. What is the hundreds digit of a?
2
Let y = -400 - -404. What is the hundreds digit of (797 - y/1) + 7?
8
What is the ten thousands digit of (1968792/(-70))/((-48)/60)?
3
Suppose -69*o - 1695714 = -2079447 - 4520235. What is the ten thousands digit of o?
7
Let v(l) = l**2 - 14*l + 22. Let d be v(20). Let i = 177 - d. What is the tens digit of i?
3
Let q = 12717 - 3699. What is the units digit of q?
8
Let x(l) = -13*l**2 + 6*l - 13. Let d be x(-8). What is the tens digit of 4/(-10)*(d - -3)?
5
Let a = -32 + 30. Let c(q) = 2*q**2 + 4*q + 3. Let k be c(a). Suppose 2*t - 3*f - 296 = -114, -k*t + 4*f + 271 = 0. What is the tens digit of t?
8
Let g = 62 - 57. Suppose g*i - 242 = -2*v + 3*v, 0 = -5*v + 15. Let o = 54 - i. What is the units digit of o?
5
Let x(b) be the first derivative of 2*b**3 - 19*b**2 + 2*b - 32. What is the hundreds digit of x(11)?
3
Suppose -3*g + 11 = 2*w - 25, 3*w = 0. Let d(l) = 34*l - 15. What is the units digit of d(g)?
3
Let l(q) = 23*q**2 - 10*q + 156. What is the units digit of l(-11)?
9
Let i(s) = s**3 - 24*s**2 + 35*s - 157. What is the thousands digit of i(29)?
5
Let v = 5350 + -2755. Suppose -107*i + 102*i = -v. What is the units digit of i?
9
Suppose -1233 = -s - 4*s + 8702. What is the thousands digit of s?
1
Let v(h) = 2*h + 130. Suppose 0 = -6*w - 2*w. Let z be v(w). Suppose -6*l + 4*l + z = 0. What is the tens digit of l?
6
Let z = -1695 - -760. Let o = -425 - z. What is the tens digit of o?
1
Let a(z) = -4*z**3 + 2*z**2 + 3*z + 4. Let c be (0 - -1)*(42/7)/(-6). Let j be 2*(-3 + c + 3). What is the units digit of a(j)?
8
Suppose 12*k - 81 = -33. Suppose -294 = -k*q - 2*c + 1030, -2*q + 642 = -4*c. What is the units digit of q?
9
Let j(b) = 2*b - 19. Let m be j(11). Suppose -m*u - 6003 = -4*n, -n - 5*u + 731 + 741 = 0. What is the units digit of n?
7
Suppose -6*g + 113 - 29 = 0. Suppose 3110 + 2826 = g*u. What is the tens digit of u?
2
Suppose -150 - 75 = -v. Let g(b) = -b**3 - 24*b**2 - 2*b - 48. Let y be g(-24). Suppose 19*d - 14*d - v = y. What is the units digit of d?
5
Suppose -25*w = 9*v - 30*w - 29512, 16382 = 5*v + 4*w. What is the units digit of v?
8
Suppose 0 = -2*s + 268 - 48. Let y = 111 - s. What is the tens digit of y/((0 - 2)/(-134))?
6
Suppose 10*d + 5*z = 9*d + 184, 3*z + 152 = d. Let b = 13 - d. Let c = b + 186. What is the units digit of c?
5
Let i(m) = -4854*m - 1622. What is the units digit of i(-2)?
6
Suppose -14 = 3*w - 20. Let i(q) = -w - 5 + 39*q + 4. What is the tens digit of i(4)?
5
Suppose -647 = -32*r - 167. Suppose -3*o - 11*s + r*s = -1984, -2*o + 5*s = -1332. What is the hundreds digit of o?
6
Suppose -49535 = -7*k + 380496. What is the tens digit of k?
3
Let k(a) = -a**3 + 17*a**2 - 33*a + 48. Let h be k(15). Suppose x = n + 893, x + 2*n + h*n - 869 = 0. What is the units digit of x?
9
Suppose 2*w = -7*v + 2*v - 115, 3*v + 58 = w. Let f be 132/v + 6 - 10/14. What is the tens digit of f/(-2) - (-299)/26?
1
Let p(w) = -w**2 + 17*w + 5. Let j(a) = -2*a**2 + 34*a + 10. Let d(l) = -4*j(l) + 9*p(l). Suppose 54 = -27*f + 36*f. What is the units digit of d(f)?
1
Suppose 75*q = -53 - 397. Let w(z) be the first derivative of 2*z**3/3 + 4*z**2 + 7*z - 1. What is the units digit of w(q)?
1
Let n(q) = -7 - 76*q + 28*q + 23*q + 6*q. Let o be n(-5). What is the units digit of -200*(o/(-20) - -4)?
0
Let r = 15 + -17. Let d be (0/9)/(r + 1). Suppose 4*m - 4*z = 240, d = -2*z + 3 + 1. What is the tens digit of m?
6
What is the thousands digit of ((-10)/(-14))/((-12)/6495972*-17)?
2
Suppose 20*s + n + 9459 = 15*s, -3*n = s + 1903. Let d = -731 - s. What is the hundreds digit of d?
1
Let o(h) = -5*h**2 + 6*h + 1. Let z(t) = -t. Suppose 0 = -2*q - q - 3. Let g(l) = q*o(l) + z(l). What is the tens digit of g(5)?
8
Let a(p) = 67*p**2 - 110*p + 1049. What is the tens digit of a(16)?
4
What is the units digit of 29131350/8050 - (-4)/(-46) - 2/(-7)?
9
Let c = -15 + -49. Let g(b) = b - 107. Let m be g(5). Let h = c - m. What is the tens digit of h?
3
Let b = -80 + 58. Let h = b + 24. Suppose 0*n + 134 = h*y - 3*n, 0 = y - 2*n - 66. What is the tens digit of y?
7
Let h be 144/3*(-1 - -2). Let y = 52 + -9. Let f = h - y. What is the units digit of f?
5
Let g be (-1248)/(-30) - 6/(-15). Let u = g - -96. Suppose 82 + u = 4*t. What is the tens digit of t?
5
Suppose -3*b + 4*r + 11794 = -27372, 0 = 2*b + 5*r - 26103. What is the hundreds digit of b?
0
Suppose 0 = -b + y + 2, 3*y = 5*b + 2 - 8. What is the units digit of -40*(b + -7 + 6)?
0
Suppose 5*h = r + 7, 4*h + 3*r - 10 = 6*r. Let k(b) = 226*b**3 + 2*b**2. What is the units digit of k(h)?
8
Let k = -40 - 27. Let i = 68 + k. What is the tens digit of (i + (-2)/6)*69?
4
Let m(v) = 62*v**2 - 130*v + 20. What is the units digit of m(-9)?
2
Let r(o) = 2*o**3 + 58*o**2 - 6*o - 669. What is the thousands digit of r(-25)?
4
Suppose 3*i - 1657 - 4427 = -2*n, -5*n + i = -15227. What is the hundreds digit of n?
0
Suppose -c - 16 = -3*c. Suppose 291 = c*u - 213. Let q = u - 33. What is the tens digit of q?
3
Let c(h) = -101*h**3 + h**2 + 2*h + 1. Let l(k) = 2*k**3 - k. Let w(i) = c(i) - l(i). Let g = -5 - -4. What is the tens digit of w(g)?
0
Let x(q) = 2*q**3 - 15*q**2 + 28*q - 9. Let j = -771 - -778. What is the tens digit of x(j)?
3
Suppose -23*r - 23 = 92. Let b be (-1 - 6/3) + -45. Let g = r - b. What is the units digit of g?
3
Let n = 45 - 54. Let g be (-6)/n + 676/(-6). Let q = 230 + g. What is the units digit of q?
8
Let p(u) be the first derivative of 2*u**3/3 - 2*u**2 - 8*u + 34. Let l be p(7). Suppose -2*h - 5*f + 3*f = -l, 4*f = -5*h + 160. What is the units digit of h?
6
Suppose -2*t = 3*u - 7312, -12*t + 8*t + 14660 = -3*u. What is the hundreds digit of t?
6
Suppose -k + x + 19 = -4*k, 0 = -k + 5*x - 1. Let q(o) = -2*o**3 - 2*o**2 - o + 4. What is the tens digit of q(k)?
7
Let g(u) = -u**3 + 4*u**2 - u - 6. Let b be g(3). Suppose 0 = 3*j + m - 1680, -9*m + 6*m - 9 = b. What is the units digit of j?
1
Suppose 8*x - 9*x = 42*x - 968876. What is the ten thousands digit of x?
2
Suppose s = 3*b - 25934, -23*b + 22*b + 8640 = 2*s. What is the thousands digit of b?
8
Let q be (8/2)/((-30)/2175). Let u = -14 - q. What is the tens digit of u?
7
Let k(j) = -70*j**2 + 2578*j - 35. What is the tens digit of k(35)?
4
Let o(i) = -9*i + 31. Let q be o(5). Let y(p) = p**3 + 14*p**2 - 16*p + 2. What is the hundreds digit of y(q)?
2
Suppose -167*r + 164*r = -135. What is the units digit of (-16)/120 + 1986/r?
4
Let b be (0 - 2) + (-13 - -287). Suppose 2*f - s + 213 + 104 = 0, -785 = 5*f - 5*s. Let g = b + f. What is the units digit of g?
2
Suppose -5*r + 155 = 5*j, 0 = 2*j - 3*j - 4*r + 19. Let o(h) = -11*h + 11*h - 2*h - 4 - j*h. What is the